e prime factors of j(d)?
3, 73
Suppose -171 = 4*h + 3*u, -3*u + 145 = 5*h + 361. What are the prime factors of (-478)/(-4) + (h/10)/(-9)?
2, 3, 5
Suppose 635968 = 9*r + 67*r. List the prime factors of r.
2, 523
Let v(m) = 73*m**2 - 24*m - 1. List the prime factors of v(4).
3, 7, 17
Let m = -46 - -49. Let g(t) = -t + 8. Let k be g(m). Suppose 0 = -3*u - k*i + 13, 0 = 2*u + i - 5*i - 38. List the prime factors of u.
11
Let l be (1 + -7)*(-140)/(-15). Let f = l - -75. Suppose -f*d + 220 = -17*d. What are the prime factors of d?
2, 5, 11
Let o = 1501 + -3336. Let n = -7 - o. What are the prime factors of n/20 + (-2)/5?
7, 13
Let c = -65 + 122. Suppose -79 + 13 = -2*o. Let r = c + o. List the prime factors of r.
2, 3, 5
Let b(x) = -6*x - 32. Let v be b(-6). Suppose -9*i - 410 = -v*i. Let z = -56 - i. What are the prime factors of z?
2, 13
Let w(o) = -6*o**2 - 9*o - 13. Let j(m) = -3*m**2 - 3*m - 6. Let l(u) = -5*j(u) + 2*w(u). List the prime factors of l(-12).
2, 59
Let b = -17 - -20. Let c be 0 + 2 + (6 - b). Suppose c*z = 98 + 527. What are the prime factors of z?
5
Let c(h) be the second derivative of h**4/4 - 4*h**3/3 + 3*h**2 + 19*h. Let r be c(8). What are the prime factors of -5*r/20*(-12 + 10)?
67
Let k = -117 - -208. Let d = -91 + k. List the prime factors of 58*(d - 28/(-8)).
7, 29
Let u = -12175 - -24511. What are the prime factors of u?
2, 3, 257
Let a = 271 - 267. Suppose 3*v + 0*v = -5*h + 1155, 2*h - a*v = 488. List the prime factors of h.
2, 3, 13
Let p = 4832 + 12943. List the prime factors of p.
3, 5, 79
Suppose 4*d + 0 - 4 = 0. Let j be 4 + (-4)/(0 + d). Suppose j*u - 5*n - 42 = -u, 2*n = -4. What are the prime factors of u?
2
Let x be ((-2)/(-3))/(8/24). Suppose -4*t - 282 = -3*k + t, -184 = -x*k + 2*t. Let z = k + -64. What are the prime factors of z?
5
Let g be (12/((-96)/14))/(1/(-244)). Let u = -121 + g. List the prime factors of u.
2, 3, 17
Let l(f) = -f**2 - 104*f + 496. What are the prime factors of l(-56)?
2, 199
Let v(r) = r**3 + 50*r**2 + 97*r - 541. What are the prime factors of v(-41)?
3, 131
Let u = -91 + 37. Let y be 5/((-66)/u - 2/9). List the prime factors of (194*y/(-25))/(2/(-5)).
97
Suppose -3*d + 7*d = -4*h + 14988, -d + h = -3735. List the prime factors of d.
3, 29, 43
Let j(f) = f**3 - 21*f**2 + 25*f + 63. Let n be j(21). List the prime factors of -12*(-7)/n + 4380/14.
313
Suppose -2*c + p + 16996 = 0, -8*p + 10*p = -8. List the prime factors of c.
2, 3, 59
Suppose -61*s + 10*s + 255 = 0. Suppose -q + s*z + 792 = 0, -5*q = 5*z - 3366 - 654. What are the prime factors of q?
2, 401
Let v(w) = -64*w + 3452. Let l be v(52). Let d = -22 - -123. Suppose 3*a = l + d. List the prime factors of a.
3, 5
Suppose -2*w - 4*c + 2*c + 106190 = 3*c, 0 = -4*c. List the prime factors of w.
5, 7, 37, 41
Let s be ((-105)/4 - -8) + 3/(-4). What are the prime factors of (-7 + 4)*-9*(1 - s)?
2, 3, 5
Let w = 3533 - 3335. What are the prime factors of w?
2, 3, 11
Let f be ((-3)/(-2))/((-18)/16)*6. Let a be f/36 - 215/45. Let d(x) = -x**3 + 3*x**2 - 7*x - 22. List the prime factors of d(a).
3, 71
Suppose 17912 = 5*r - 3*i, -5*r - i + 17896 = -0*i. Suppose -5*z - 5*c + 2935 = 0, -5*z + 2*c = 645 - r. What are the prime factors of z?
587
Suppose -4*g - 3*f = -1340, -5*f - 1103 = -4*g + 269. Suppose -18602 + 3512 = -30*w. Let a = w - g. List the prime factors of a.
3, 5, 11
Let t(w) be the second derivative of -w**4/12 + 2*w**2 + 31*w. Let f be t(5). What are the prime factors of (141*3/(-12))/(f/56)?
2, 47
Let l = 89 + -55. Let h = l - -13. What are the prime factors of h?
47
Let y(w) = 5*w - 2. Let j be y(8). Let x(i) = 2*i**3 - 2*i**2 + 3*i - 4. Let a be x(-2). Let r = a + j. What are the prime factors of r?
2
Suppose 199 = 4*z - y, 2*z + 144 = 5*z + y. Suppose -37*j + z*j - 14100 = 0. List the prime factors of j.
5, 47
Suppose 1460 = 13*x - 12*x + z, x - 4*z = 1460. What are the prime factors of x?
2, 5, 73
Suppose -1295 = -10*f + 13*f - 4*n, 4*f - 3*n = -1736. Let o = f - -1007. What are the prime factors of o?
2, 3, 5, 19
Suppose -26046 = -2*c - 2*u, -51*u - 65070 = -5*c - 47*u. What are the prime factors of c?
2, 23, 283
Let s = 430 + -1129. Let z = s - -1000. List the prime factors of z.
7, 43
Let h(i) = i**2 + 4*i - 72. Let q be h(7). Let l(u) = 7*u**2 - 4*u + 11. List the prime factors of l(q).
2, 83
Suppose -243*h - 1105 = -260*h. List the prime factors of (10192/h)/((-1)/(-5)).
2, 7
Let u = 264 - 932. Let m = u - -1048. What are the prime factors of m?
2, 5, 19
Let p(n) = -3*n**2 + 44*n - 8*n**3 - 52*n - 3*n**3 + n**3 - 7. List the prime factors of p(-2).
7, 11
Let b be 24 + -21 - 2/4*0. Let i(r) = -1 + b*r - 4 - 3 + 0 + 6*r**2. List the prime factors of i(2).
2, 11
Let w = 1874 + 439. Let x = 4079 - w. List the prime factors of x.
2, 883
Suppose -3 + 602 = 3*y - 2*t, -t - 792 = -4*y. Suppose -579 = -8*v + y. List the prime factors of v.
97
Suppose -7*y + 2*c + 12 = -5*y, -2*c - 6 = y. Let d be 78/(4 + -2)*y/(-6). Let i = d - -60. What are the prime factors of i?
47
Let l be (11430/(-27))/((-2)/3). Let d = l + -311. What are the prime factors of d?
2, 3
Let p = -245 + -72. Let h = 866 + p. What are the prime factors of h?
3, 61
Let m(v) = 11*v + 95. Let q be m(-8). List the prime factors of 2 - -139 - (-3 + q).
137
Let s = 28991 + -16057. List the prime factors of s.
2, 29, 223
Let m be 207 - (1 - (15 + -6)). Suppose -434 = m*c - 216*c. List the prime factors of c.
2, 7, 31
Suppose -23*z + 14*z + 3168 = 0. Suppose 2*s - 722 = -4*k, -24*s - z = -25*s + k. List the prime factors of s.
5, 71
Let u = -130 + 124. List the prime factors of u + (399 - (-6 + 1)).
2, 199
Let u = -16671 - -18377. What are the prime factors of u?
2, 853
List the prime factors of ((-76)/(-19))/((-8)/(-18916)).
2, 4729
Suppose -16*w + 4 = -60. Suppose 8*g - 1428 = w*g. List the prime factors of g.
3, 7, 17
Let b = 18281 - 18278. Let h(u) = -u**2 - 8*u - 7. Let x be h(-6). Suppose -m + x*m - 2*c = 706, 4*c - 524 = -b*m. What are the prime factors of m?
2, 11
Let i be 0*-1*(-1)/(-2). Suppose i = 4*w - 5*q - 5, 0 = -w + 2*w - q - 2. Suppose 2*d = n - 145, n - 5*n + 592 = -w*d. List the prime factors of n.
3, 17
What are the prime factors of ((-14)/3)/(233/(-468330))?
2, 5, 7, 67
Let i(w) = 14*w**2 - 7*w - 400. What are the prime factors of i(51)?
181, 197
Suppose -2*u - 3087 = -8689. Let k = -1329 + u. What are the prime factors of k?
2, 23
Let z be (-3*16/12)/1. Let h(j) = j**3 + 10*j**2 + 12*j + 8. What are the prime factors of h(z)?
2, 7
Let o = 7708 + -5748. What are the prime factors of o?
2, 5, 7
Let f(i) = 6*i + 155. Let s be f(-25). Suppose 847 = 2*d + 3*p, 943 = -5*d + s*p + 2998. List the prime factors of d.
2, 13
Let s(n) = 338*n**2 - 349*n - 4664. What are the prime factors of s(-14)?
2, 5, 17, 23
Let b = 53185 + -25976. List the prime factors of b.
7, 13, 23
Let j(u) = -847*u**2 - 5*u - 3. Let g be j(-1). Let y = 2582 + g. List the prime factors of y.
3, 193
Let q(j) = j**2 + j - 5. Let f be q(-5). Suppose 16*x - 2 = f*x. Suppose 77 - 11 = x*b. List the prime factors of b.
3, 11
Let d(a) = 3*a**2 + 28*a - 340. What are the prime factors of d(-51)?
5, 17, 71
Suppose 108498 = 3*g + 3*w, 341*w = -g + 344*w + 36154. List the prime factors of g.
29, 43
Let f(l) = -267*l**3 - 4*l**2 - 17*l - 37. List the prime factors of f(-4).
3, 5, 379
Let z(l) = l + 280*l**2 + 5*l - 258*l**2 + 0*l - 11. What are the prime factors of z(4)?
5, 73
Suppose 0 = n - 12*n + 44. Suppose 0 = -d + w - n, -4*w = -4*d + d - 16. Suppose -2*v - 76 + 490 = d. What are the prime factors of v?
3, 23
Suppose 2*d - 33 = -3*z, 4*z + d = 6*d + 21. Let g = 2090 + -2084. Suppose g - z = -h. List the prime factors of h.
3
Suppose 4*m - m - 3 = 0, 4*i + 3*m - 2343 = 0. Let q = -373 + i. What are the prime factors of q?
2, 53
Let i(b) = 594*b + 204. What are the prime factors of i(5)?
2, 3, 23
Suppose 4*d - 89 = r + 189, 4*d - 5*r - 270 = 0. Let p = -36 + d. Let k = 121 + p. List the prime factors of k.
5, 31
Suppose -4*t + 3748 = 4*p, -t = 5*p - 0*t - 4693. Suppose p - 63 = 3*l. What are the prime factors of l?
2, 73
Let w(f) = -2*f**3 - 2*f**2 + 2. Let s be w(-1). Suppose -4*p - 20 = 0, 5*l = s*l + 5*p + 2086. List the prime factors of l.
3, 229
Suppose -19*d - 2*d - 18*d = -121418